(j) = 4*j + 11. Let m be c(-3). Let t(r) = -r**2 + r + 2. Determine t(m).
0
Let b(p) = p**3 + 62*p**2 + 59*p - 130. Let a be b(-61). Let j(o) = 8*o + 8. What is j(a)?
-56
Let m(l) be the third derivative of l**6/60 - 7*l**5/30 + 5*l**4/12 + 11*l**3/6 + 504*l**2. Determine m(6).
-1
Suppose 350*k - 354*k + 5*g - 1 = 0, 0 = 2*k + g - 17. Let m(z) be the third derivative of z**5/60 - z**4/4 - z**3/6 - 4*z**2. Give m(k).
-1
Let n(a) = 24*a - 9*a - 5 - 16*a. Determine n(-5).
0
Let k be 16/10 + 4/10. Let t(q) be the third derivative of -7*q**2 + 0 - 1/8*q**4 + 0*q + 1/6*q**3. What is t(k)?
-5
Let h(g) = -7*g + 3*g + 8 - 6. What is h(-7)?
30
Let k(o) = -2*o - 4. Let n(i) = 1. Let r(t) = k(t) + 5*n(t). Let d(y) = -y**2 - 10*y - 11. Let g be d(-8). Suppose -g*m - 2*b - 3 = 6, -3*b = 6. Calculate r(m).
3
Let r(m) = -m**2 - m. Let i be r(-2). Let w(s) = 1 + 2*s - 4*s**2 - 16*s**3 + 3*s**2 + 14*s**3. What is w(i)?
9
Let u = -7 + 2. Let l = 0 - u. Let c(m) = -l*m**2 - 1 + 3 - 2. Calculate c(1).
-5
Let z be -4 + 0/(-10 - -1). Let g(q) = -6*q - 10. Determine g(z).
14
Let x(l) be the third derivative of -1/6*l**3 + 0 + 1/24*l**4 + 0*l - 34*l**2. Calculate x(0).
-1
Let r = 17 - 27. Let t = -12 - r. Let g = -4 - t. Let m(k) = -k**3 - 3*k**2 - k. Calculate m(g).
-2
Let f = 0 + -4. Let n be (f - -4)*(-3)/(-6). Let i(j) = -1 + n - j**2 + 7*j + 11*j**3 - j**2 - 5*j. What is i(1)?
10
Let t(o) = 7*o + 5. Suppose b + 5*f - 25 = -1, 0 = -5*b + 4*f + 4. Give t(b).
33
Suppose 88*m = 92*m - 60. Let z(g) = -g**2 + 14*g + 11. Calculate z(m).
-4
Let j(k) = k**2 + 11*k + 29. Let f be j(-7). Let a = 17 + -12. Let n(y) = -a*y - 6*y + 5*y - 3 + 4. Calculate n(f).
-5
Let n be (13 + -3)/((-7)/((-56)/(-16))). Let b(a) be the third derivative of -a**6/120 - a**5/10 - 7*a**4/24 - 7*a**3/6 - a**2. Determine b(n).
3
Let d be 11/(-110)*0 + -6. Suppose 0 = -w + 3*b + 10, 6*w - 5*w + 4*b = -4. Let l(o) = 3 + w + o - 1. Calculate l(d).
0
Let b(n) = -n**3 + 32 - 18 - 3. Let w = 2 - 2. Suppose -h - a - 2 = w, h - a - 2 = -0. Determine b(h).
11
Let g(b) be the second derivative of -b**5/20 - b**4/2 + b**3 + 26*b - 1. Determine g(-6).
-36
Let m(b) be the first derivative of -b**4/2 - b**3/3 + b**2/2 - b + 287. Let u(j) = j**3 + 9*j**2 + j + 10. Let z be u(-9). What is m(z)?
-3
Let x(h) = -h**3 + 2*h**2 - 8*h + 2. Let n(p) = -2*p**3 + 2*p**2 - 10*p + 3. Let u(k) = -3*n(k) + 4*x(k). Calculate u(2).
19
Let w(c) be the first derivative of 5*c**3/3 - 7*c**2 - 14*c + 9. Let m(b) = -b**2 + b + 1. Let h(a) = 6*m(a) + w(a). Suppose -3*t - 6 = -2*t. Calculate h(t).
4
Let r(i) be the second derivative of i**5/10 + 5*i**4/12 + 5*i**3/6 - i**2 + 58*i + 4. Give r(-4).
-70
Suppose 2*q + 9 = 5*q. Let o(a) = -a**3 - 2 + 0 + 4*a - 4*a**2 + 9*a**2 - 4*a**2. Determine o(q).
-8
Let x = 15 - 9. Let h be 4*3/x*3. Let d(z) = z + 4. Determine d(h).
10
Let x(g) = -g - 9. Let q be x(-7). Let a(s) = -1 - 3*s - 53*s**2 + 90*s**2 - 38*s**2. Give a(q).
1
Let l(k) = -k**3 + 3*k**2 + 4*k - 4. Let y(u) = -u**3 + 6*u**2 - 3*u - 5. Let g be y(5). Suppose 0 = -23*f + 88 + 50. Suppose -9 - f = -g*i. Determine l(i).
8
Let o(i) = -i + 28. Let x(q) = q - 2. Let t(z) = -o(z) - 4*x(z). What is t(-4)?
-8
Let s(i) = i**3 + 3*i**2 - 2*i + 30. Let v be s(-6). Let p = v - -68. Let m(y) be the third derivative of -y**4/12 + y**3/6 + y**2. What is m(p)?
-3
Let v(p) = p - 2. Suppose -4*w - 5*s - 17 = -8*s, 2*s + 7 = -w. Give v(w).
-7
Let p(m) = -m**2 + 5*m - 4. Let x be 1/(-1) + 30 + -26. Suppose -2*j = x*s - 2, -s - 26 = -4*j + 4*s. Calculate p(j).
0
Let a(h) = -h**3 + 3*h**2 - h + 26. Let j be a(4). Let i(p) = -p**2 + 9*p + 7. Calculate i(j).
25
Let l(u) = 2*u**3 + 2*u**2 - 3*u - 2. Let a = -33 + 46. Let f = a + -19. Let x = f + 4. Calculate l(x).
-4
Suppose -4*x = b + 5, -8 = 4*x - 0*b + 4*b. Let g(l) = 0*l + 18*l - 1 - 7*l. Calculate g(x).
-12
Let z(l) = -l - 6. Let f be z(-9). Suppose f = c + 4. Let q(d) = 4*d - 1. Let b(w) = -w. Let g(j) = 5*b(j) + q(j). Calculate g(c).
0
Let t(g) = g**3 - 19*g**2 - 64*g - 43. Let z be t(22). Let s(v) = 3*v - 3. Give s(z).
0
Let v(y) = -y**2 - 3*y - 5. Suppose 3*t - 699 = -711. What is v(t)?
-9
Let k = -26 - -22. Let v(o) = 4 - 5*o - 3*o + 5*o - o**2. Calculate v(k).
0
Let v be -15 - (30/3)/5. Let m(o) = o**3 + 16*o**2 - 17*o - 6. Let j be m(v). Let k(u) = -u - 2. Give k(j).
4
Let x(j) be the first derivative of -j**3/3 + 5*j**2 - j + 31. What is x(7)?
20
Let w = -25 - -27. Suppose 2*z - u = 3, w*z = 6*z - 3*u - 3. Let o(k) = 103*k - 3 + 2*k**2 - 107*k + k**3 - z*k**2. Determine o(-2).
-7
Suppose 0 = -n + 5*n - 20. Let t(u) = 3*u - n + 1 + u. Suppose -116 = -30*j + j. Give t(j).
12
Suppose -2*z - z = -2*z. Let q(l) = -l**2 - 3*l + 5. Let p(s) = -s**2 - s + 1. Let g be -1*((1 - -2) + -1). Let w(i) = g*p(i) + q(i). What is w(z)?
3
Let v(f) = -9 - 7*f + 16 + 6*f. Calculate v(8).
-1
Let q(j) be the third derivative of -j**6/120 + j**5/20 + 7*j**4/24 - j**3 - 34*j**2 - 2. Let m(z) = z**3 + 7*z**2 + 4*z - 8. Let c be m(-6). Give q(c).
6
Let t(k) = -k**3 + 3*k**2 + 3*k + 3. Let d be (-6)/21 - (-198)/7. Suppose -7*p + d + 0 = 0. Calculate t(p).
-1
Let u(g) be the first derivative of g**4/4 - 13*g**3/3 + 11*g**2/2 + 14*g - 419. Calculate u(12).
2
Let q(a) = -a + 8. Let h be (4/3)/(6/9). Suppose 0 = 2*x + h*x + 8, 0 = 5*g - 5*x - 10. Calculate q(g).
8
Suppose 3*k - 4*j - 47 = 0, 3*j = 5*k - 150 + 57. Suppose 9 = 5*n - 5*z - k, -z = -2*n + 8. Let w(r) = r**3 - r**2 - 2*r. Determine w(n).
0
Let u be (546/(-195))/(2/5). Let w(i) = -i**2 - i + 4. Calculate w(u).
-38
Suppose 0 = 5*h, -3*t + 3*h + 14 = -5*t. Let o(f) = -f**3 - 6*f**2 + 5*f. Let a be o(t). Let u be (-210)/49 + 4/a. Let w(y) = y. Calculate w(u).
-4
Let s(a) be the first derivative of 0*a**2 + 1 - 2*a + 0*a**3 - 1/2*a**4. Let d(v) = v**3 - 7*v**2 + 29*v - 70. Let q be d(4). Give s(q).
14
Let b(n) = n**3 - 5*n**2 - 5*n - 3. Let q(h) = -h + 6. Suppose 2*t - 5*t = -3*z, 0 = -2*z - 5*t. Let p be q(z). Give b(p).
3
Let l(k) = k**3 + k - 13. Let f be 0 + 3 + -8 - (0 - 5). Calculate l(f).
-13
Let d(n) = -15*n**2 + n. Let o(z) = -31*z**2 - z - 2. Let x(t) = -2*d(t) + o(t). Let a(l) = -l. Let v be a(4). Give x(v).
-6
Let x = -79 - -74. Let q(i) = 2*i**2 + 11*i + 6. Give q(x).
1
Let v = 254 - 253. Let t(z) = -5*z**2. Calculate t(v).
-5
Let c(r) = r**2 + 1. Let a(v) = v**2 + v + 2. Let p(l) = a(l) + c(l). What is p(-3)?
18
Let g(h) = h**2 + 3*h + 2. Let n be g(0). Let l(j) = -17*j**3 + j + 5 - 6 + j**2 + 2 - n*j. Suppose 11 = -d + 3*i, 5*d - d + 5*i = 24. Determine l(d).
-16
Let n(i) = -i**3 + 9*i**2 - 6*i + 8. Let o be (-7)/((-42)/(-32))*(-3)/2. What is n(o)?
24
Suppose 0 = 14*g - 10240 + 10338. Let c(l) = l**3 + 1 + 11*l - 5*l**2 - 2*l**3 + 9 - l**2. What is c(g)?
-18
Let d(i) = 2*i**3 - 15*i**2 - 11*i + 24. Let r be d(8). Let v(q) = q**2 - 3*q - 2. Calculate v(r).
-2
Let a(r) = -r - 6. Let h be ((-8)/28 - 4/(-14))*1. Let m be a(h). Let q(f) = f**3 + 7*f**2 + 5*f + 2. What is q(m)?
8
Let w(b) = b**2 - 6*b + 1. Suppose 2 = -0*a + a. Let k(c) = -a - 2*c + 2*c + c**2 - 3 - 3*c. Let s be k(5). What is w(s)?
-4
Let j(c) = c - 2*c**2 + 3*c - 5*c + 144 - 144. What is j(-1)?
-1
Let d(j) = -j**2 + j + 3. Suppose 7*q = 15 + 90. Let u(g) = g**3 - 14*g**2 - 13*g - 27. Let z be u(q). Give d(z).
-3
Suppose -8 = 4*h, 13 + 10 = 5*k + h. Let c be k/20 - 11/(-4). Let a(m) = -c + 3 - 2*m + 0 - 2. Calculate a(5).
-12
Suppose 311 = 11*o + 58. Let g(y) = o*y + 23*y - 41*y. What is g(2)?
10
Let b(j) be the first derivative of -2*j**3 + 1/2*j**2 + 1 - 1/4*j**4 - 3*j. Suppose 20*c - 2458 = -2578. Give b(c).
-9
Let m(l) = 1 - 6 + 2 + l. Let t = 43 + -38. Let n(u) = 2*u**2 - 11*u + 8. Let a be n(t). Determine m(a).
0
Let u(n) = n**3 + 8*n**2 + 8*n + 5. Let a be ((-6)/9 - -1)/(3/(-63)). Calculate u(a).
-2
Let h(c) = c**3 + 4*c**2 - 2*c - 3. Let k be 6/(-39) + (-408)/221. What is h(k)?
9
Let u(b) be the first derivative of 4*b - 27 + b**3 + 5/2*b**2. Calculate u(-3).
16
Let b(q) = -q**3 - 8*q**2 + 8*q - 12. Let x(w) = w**3 - 10*w**2 + 8*w. Let z be ((-18)/15)/((-28)/(-15) - 2). Let t be x(z). Determine b(t).
-3
Let v be (-2)/7 - 32/(-14). Let y(i) be the third derivative of -i**5/60 + i**4/6 - i**3/2 + 98*i**2. What is y(v)?
1
Suppose -k - 127 = -124. Let f(u) = 2*u**3 + 4*u**2 + 2*u. Give